
Let c(f) = -f**3 + 47*f**2 - 3*f + 124. What is c(47)?
-17
Let t(q) = q**3 - 18*q**2 - q - 57. Calculate t(18).
-75
Let o(w) = w**3 + 8*w**2 + 16*w + 2. Determine o(-5).
-3
Let q(g) = -15*g**2 - 55*g - 5. Determine q(-3).
25
Let q(f) = 12*f - 111. What is q(9)?
-3
Let i(q) = -3*q**2 + 25*q - 5. What is i(10)?
-55
Let o(a) = -a**2 + 31*a + 408. What is o(41)?
-2
Let g(b) = -b**2 + 14*b + 35. Give g(-3).
-16
Let x(k) = -7*k**2 + 102*k + 164. Calculate x(16).
4
Let l(o) = -o**2 + 21*o - 27. Determine l(11).
83
Let k(v) = v**3 - 1. What is k(1)?
0
Let l(j) = j**2 - 22. Determine l(-5).
3
Let t(x) = -2*x**2 - 6*x + 44. What is t(5)?
-36
Let n(w) = -w**3 - 10*w**2 - 23*w - 25. Determine n(-7).
-11
Let v(l) = 2*l**3 + 6*l**2 + l - 2. Give v(-4).
-38
Let z(s) = -5*s - 57. What is z(-10)?
-7
Let i(q) = -q**3 - 4*q**2 + 18*q + 72. What is i(-4)?
0
Let k(i) = -i**2 - 16*i - 58. Calculate k(-14).
-30
Let s(p) = p + 13. Calculate s(14).
27
Let v(x) = -x**3 + 20*x**2 + 44*x - 3. What is v(22)?
-3
Let x(j) = -7*j + 155. Determine x(22).
1
Let x(v) = -v - 6. Determine x(-9).
3
Let c(o) = 6*o - 236. Calculate c(38).
-8
Let x(j) = j**2 + 2*j - 7. Determine x(-3).
-4
Let z(y) = 12*y - 639. Give z(53).
-3
Let r(p) = -p**2 - 9*p - 12. Give r(-6).
6
Let h(y) = 2*y - 2. Calculate h(-5).
-12
Let z(i) = -8*i**2 + 6*i - 19. Determine z(3).
-73
Let t(p) = -9*p - 3. What is t(-2)?
15
Let w(x) = x**2 + 2*x - 8. Calculate w(4).
16
Let n(q) = 2*q**3 + 2*q**2 - 5*q + 6. Give n(-3).
-15
Let c(j) = j**2 + 9*j + 2. What is c(-10)?
12
Let h(f) = 14*f + 43. Give h(-5).
-27
Let k(d) = -2*d + 110. Determine k(50).
10
Let q(b) = -b**3 + 9*b**2 - 11*b. Give q(5).
45
Let d(y) = -4*y + 7. What is d(-9)?
43
Let b(l) = -7*l - 32. Give b(4).
-60
Let k(d) = -d**2 + 26*d. Give k(26).
0
Let v(s) = -2*s**3 + 17*s**2 - 38*s - 4. Give v(4).
-12
Let c(n) = -2*n**3 + 4*n**2 - 5*n + 2. What is c(2)?
-8
Let h(o) = o**3 + 3*o**2 - 11*o - 11. What is h(3)?
10
Let q(v) = 5*v**3 - 69*v**2 - 15*v + 14. Give q(14).
0
Let b(f) = f**3 + 8*f**2 - 8*f + 2. What is b(-9)?
-7
Let v(l) = -6*l + 137. Determine v(23).
-1
Let l(o) = -o**3 + 15*o**2 + 16*o - 17. Give l(16).
-17
Let n(m) = m**3 + 15*m**2 + 2*m + 18. What is n(-15)?
-12
Let v(s) = s**2 - 8*s - 13. Determine v(7).
-20
Let g(s) = 10*s**2 - 29*s + 2. Determine g(3).
5
Let h(d) = d + 9. Calculate h(0).
9
Let w(v) = 2*v**2 + 19*v + 19. What is w(-8)?
-5
Let u(l) = 20*l**3 + l**2 + l - 1. Determine u(1).
21
Let j(l) = -l**2 - 24*l - 28. What is j(-22)?
16
Let w(d) = d - 19. Determine w(8).
-11
Let o(g) = -3*g**3 - 3*g**2 - g. Give o(-1).
1
Let c(t) = -t**2 - 48*t - 414. Give c(-11).
-7
Let c(u) = -2*u**3 + 2*u**2 - 2*u + 1. Determine c(1).
-1
Let a(j) = -j**2 - 9*j + 8. What is a(-12)?
-28
Let o(s) = 8*s - 5. Determine o(0).
-5
Let p(l) = l**2 + 5*l + 5. Determine p(-2).
-1
Let u(d) = 13*d - 51. Calculate u(4).
1
Let i(u) = 2*u**2 - 8*u - 16. What is i(-3)?
26
Let f(c) = c**2 - 11*c - 35. Determine f(15).
25
Let f(v) = 2*v**3 + 7*v**2 + 8*v + 7. Determine f(-5).
-108
Let i(r) = 2*r**2 + 119*r + 179. Give i(-58).
5
Let i(l) = -l**2 - 8. Calculate i(-6).
-44
Let h(x) = -14*x - 271. Calculate h(-19).
-5
Let n(z) = z**3 + 10*z**2 + 11*z + 18. Calculate n(-9).
0
Let r(m) = -m + 6. Give r(-9).
15
Let o(f) = -f**3 - f**2 + f - 9. What is o(0)?
-9
Let q(r) = r**3 + 9*r**2 + 10*r + 9. What is q(-8)?
-7
Let h(l) = l**3 + l**2 + l + 3. Give h(-3).
-18
Let r(l) = -l**2 - 32*l + 11. Give r(-32).
11
Let q(h) = -2*h**3 - 13*h**2 + 8*h - 7. Give q(-7).
-14
Let m(o) = -o**3 + 7*o**2 + 7*o + 4. Calculate m(8).
-4
Let d(g) = -g**3 - 3*g**2 + 14*g - 13. Determine d(-6).
11
Let n(b) = -22*b**3 + b**2 - 1. Determine n(1).
-22
Let s(p) = -2*p**2 - 74*p + 82. Give s(-38).
6
Let y(n) = n**3 + 5*n**2 - 9*n - 9. Calculate y(-6).
9
Let x(d) = d**3 + 13*d**2 + d + 11. Determine x(-13).
-2
Let a(t) = -2*t - 18. What is a(4)?
-26
Let z(d) = 4*d - 5. Give z(2).
3
Let h(p) = 19*p + 166. Give h(-9).
-5
Let k(x) = x - 2. Give k(-2).
-4
Let o(b) = 2*b**2 - b. Calculate o(2).
6
Let p(j) = 16*j. Calculate p(3).
48
Let x(f) = -12*f - 3. Determine x(-1).
9
Let g(m) = 37*m + 146. Give g(-4).
-2
Let x(i) = -i**3 - 7*i**2 - 4. What is x(-7)?
-4
Let v(b) = -b**2 - 12*b - 3. Calculate v(-11).
8
Let k(n) = -3*n**2 - 17*n - 40. Give k(-2).
-18
Let q(m) = 2*m**2 - 4*m + 1. What is q(4)?
17
Let h(u) = u**2 - 2*u + 5. Give h(-7).
68
Let z(u) = -u**2 - 4*u - 2. What is z(3)?
-23
Let f(l) = 2*l**2 + 16*l - 104. Give f(-12).
-8
Let n(l) = l**3 - l**2 + 2*l - 8. Calculate n(0).
-8
Let b(z) = 2*z**2 - 30*z + 6. Calculate b(15).
6
Let y(q) = q**2 + 8*q + 14. What is y(-7)?
7
Let l(w) = w**3 + 14*w**2 + 11*w - 17. What is l(-13)?
9
Let w(h) = -h**3 - 12*h**2 + 15*h + 25. Determine w(-13).
-1
Let r(t) = -t**3 + 24*t**2 - 21*t - 44. Give r(23).
2
Let s(a) = -5*a**2 - 7*a + 7. Give s(1).
-5
Let n(l) = -2*l + 10. What is n(-26)?
62
Let a(n) = -n**3 + 7*n**2 - 8. Determine a(7).
-8
Let t(w) = -w**3 + 9*w**2 + 31*w - 41. Determine t(11).
58
Let t(c) = -c**3 - 6*c**2 + 11*c + 71. What is t(-6)?
5
Let r(w) = 4*w**2 + 21*w + 11. What is r(-5)?
6
Let z(d) = -3*d + 4. Calculate z(7).
-17
Let b(l) = -5*l**2 - 3*l + 1. Determine b(-3).
-35
Let z(t) = t**3 + 15*t**2 + 38*t + 11. What is z(-12)?
-13
Let w(j) = -j**3 + 11*j**2 - 26*j - 7. Determine w(5).
13
Let i(y) = -y**2 - 17*y - 36. Give i(-15).
-6
Let j(l) = -134*l + 265. Determine j(2).
-3
Let c(d) = -d**3 - 10*d**2 - 20*d - 6. Give c(-5).
-31
Let j(r) = r**3 + 34*r**2 - 35*r - 18. Determine j(-35).
-18
Let a(f) = f**3 - 11*f**2 + 14. Calculate a(10).
-86
Let b(f) = f**3 - 10*f**2 - 10*f + 4. Determine b(11).
15
Let q(w) = w**3 - 13*w**2 + 13*w + 20. Calculate q(12).
32
Let k(c) = -9*c - 3. Calculate k(-4).
33
Let y(x) = x**3 + 10*x**2 + 6*x - 8. Calculate y(-9).
19
Let t(c) = -13*c**3 + 2*c**2 - 7*c + 4. Calculate t(1).
-14
Let g(s) = s**2 - 4*s + 1. Calculate g(-3).
22
Let p(i) = -i**2 - 22*i + 7. Determine p(-22).
7
Let y(z) = -2*z**2 - 2*z + 1. Determine y(2).
-11
Let z(v) = -85*v - 678. What is z(-8)?
2
Let x(p) = -p**3 - 9*p**2 + 24*p + 23. Calculate x(-11).
1
Let l(u) = -u**3 + 4*u**2 + 3*u - 12. Calculate l(4).
0
Let l(u) = -u**3 - 7*u**2 - 4*u + 12. What is l(-6)?
0
Let o(u) = 2*u**2 - 2*u - 4. Determine o(-2).
8
Let i(l) = -l**2 - 13*l + 37. Calculate i(-16).
-11
Let w(i) = -i**3 + 2*i - 19. What is w(0)?
-19
Let q(r) = r**3 + 21*r**2 + 22*r + 40. Calculate q(-20).
0
Let w(q) = q**3 - 4*q**2 - 7*q - 2. Give w(5).
-12
Let s(a) = 22*a**2 - 2*a - 2. Determine s(-1).
22
Let m(c) = -5*c**2 + 3*c. Determine m(2).
-14
Let r(t) = -21*t**3 - 1. What is r(1)?
-22
Let f(k) = k**3 - 6*k**2 + 2*k - 6. Calculate f(6).
6
Let s(m) = m**2 - m + 3. What is s(0)?
3
Let p(c) = c**2 - 8*c - 4. Give p(8).
-4
Let h(q) = -5*q + 14. Calculate h(8).
-26
Let r(t) = -2*t - 119. What is r(0)?
-119
Let a(r) = -2*r**2 + 50*r + 2. Give a(26).
-50
Let z(s) = -5*s**3 - 2*s**2 + 2*s - 2. Give z(1).
-7
Let j(n) = -3*n - 30. What is j(-9)?
-3
Let k(f) = 12*f + 7. What is k(-3)?
-29
Let b(h) = -17*h + 24. Calculate b(5).
-61
Let m(u) = -6*u**2 - u + 1. Determine m(-2).
-21
Let p(l) = l**2 + 8*l + 7. Determine p(-5).
-8
Let p(y) = -y**2 - 5*y + 5. Determine p(-4).
9
Let y(q) = q**2 + 5*q + 4. Determine y(-4).
0
Let w(o) = -3*o**3 + 4*o**2 + 5*o + 5. What is w(3)?
-25
Let d(g) = g**2 + 24*g + 5. Determine d(-24).
5
Let o(w) = w**2 + 5*w - 8. Calculate o(-7).
6
Let l(y) = -39*y - 419. Determine l(-11).
10
Let t(u) = -u**2 - 9*u + 14. Calculate t(-8).
22
Let g(q) = -q**3 - 6*q**2 + 9*q + 3. Calculate g(-7).
-11
Let x(m) = -13*m + 1. Calculate x(3).
-38
Let v(f) = -f**3 + 17*f**2 + 4*f - 63. Give v(17).
5
Let k(b) = b**2 + 7*b - 12. What is k(-6)?
-18
Let f(j) = -j**3 + 7*j**2 + 9*j - 3. Determine f(8).
5
Let n(t) = -5*t**2 - t - 2. Give n(2).
-24
Let j(c) = -c**3 - 9*c**2 - 7*c - 7. Give j(-6).
-73
Let y(r) = r**2 + 8*r. What is y(-9)?
9
Let r(s) = -s**3 - 16*s**2 - 30*s + 5. Determine r(-14).
33
Let g(t) = t**2 - 25*t + 57. Give g(22).
-9
Let b(u) = 2*u + 10. Calculate b(-4).
2
Let m(c) = -4*c - 4. Give m(5).
-24
Let x(a) = 2*a**2 + 40*a - 2. What is x(-19)?
-40
Let r(u) = u**3 - 11*u**2 - 21*u + 116. Give r(12).
8
Let a(j) = -j**3 - 23*j**2 + 18*j - 130. Calculate a(-24).
14
Let a(q) = q**3 + 10